{"id":93,"date":"2023-09-19T16:50:00","date_gmt":"2023-09-19T16:50:00","guid":{"rendered":"https:\/\/fgabdala.com.ar\/jornadareducida\/?page_id=93"},"modified":"2023-10-14T00:19:01","modified_gmt":"2023-10-14T00:19:01","slug":"proyectos-en-discusion","status":"publish","type":"page","link":"https:\/\/fgabdala.com.ar\/jornadareducida\/banco-de-documentos\/proyectos-en-discusion\/","title":{"rendered":"Proyectos en discusi\u00f3n"},"content":{"rendered":"\n<p>Una serie de proyectos de jornada reducida se encuentran en estado parlamentario con tratamiento en comisi\u00f3n de Legislaci\u00f3n del Trabajo en la C\u00e1mara de Diputados. <\/p>\n\n\n\n<figure class=\"wp-block-image size-full\"><img loading=\"lazy\" decoding=\"async\" width=\"800\" height=\"483\" src=\"https:\/\/fgabdala.com.ar\/jornadareducida\/wp-content\/uploads\/2023\/10\/debate-congreso.jpg\" alt=\"\" class=\"wp-image-152\" srcset=\"https:\/\/fgabdala.com.ar\/jornadareducida\/wp-content\/uploads\/2023\/10\/debate-congreso.jpg 800w, https:\/\/fgabdala.com.ar\/jornadareducida\/wp-content\/uploads\/2023\/10\/debate-congreso-300x181.jpg 300w, https:\/\/fgabdala.com.ar\/jornadareducida\/wp-content\/uploads\/2023\/10\/debate-congreso-768x464.jpg 768w\" sizes=\"auto, (max-width: 800px) 100vw, 800px\" \/><figcaption class=\"wp-element-caption\">Fuente imagen: Infogremiales <\/figcaption><\/figure>\n\n\n\n<p>A continuaci\u00f3n, incluimos aqu\u00ed el acceso a cada uno de los proyectos con el fin de poder tener un conocimiento completo de los distintas miradas respecto de la reducci\u00f3n de la jornada laboral. <\/p>\n\n\n\n<h2 class=\"wp-block-heading\">Proyecto del diputado Hugo Yasky<\/h2>\n\n\n\n<p>Se trata de una de las\u00a0propuestas con mayor impulso. El secretario general de la CTA de los Trabajadores,\u00a0<strong>Hugo Yasky<\/strong>, establece reducci\u00f3n de jornada laboral de 48 horas \u2013r\u00e9gimen actual\u2013 a\u00a0<strong>40 horas semanales, con un m\u00e1ximo de 8 horas diarias<\/strong>\u00a0y &#8220;<strong>sin reducci\u00f3n salarial<\/strong>&#8220;.<\/p>\n\n\n\n<div class=\"wp-block-buttons is-layout-flex wp-block-buttons-is-layout-flex\">\n<div class=\"wp-block-button is-style-outline is-style-outline--1\"><a class=\"wp-block-button__link wp-element-button\" href=\"https:\/\/fgabdala.com.ar\/jornadareducida\/wp-content\/uploads\/2023\/10\/Proyecto-Hugo-Yasky.pdf\" target=\"_blank\" rel=\"noreferrer noopener\">conoc\u00e9 el proyecto<\/a><\/div>\n<\/div>\n\n\n\n<h2 class=\"wp-block-heading\">Proyecto del diputado Sergio Palazzo <\/h2>\n\n\n\n<p>El secretario general de la Asociaci\u00f3n Bancaria, Sergio Palazzo, present\u00f3 un proyecto que busca llevar la jornada laboral a 6 horas con el mismo salario. <\/p>\n\n\n\n<div class=\"wp-block-buttons is-layout-flex wp-block-buttons-is-layout-flex\">\n<div class=\"wp-block-button is-style-outline is-style-outline--3\"><a class=\"wp-block-button__link wp-element-button\" href=\"https:\/\/fgabdala.com.ar\/jornadareducida\/wp-content\/uploads\/2023\/10\/Proyecto-Sergio-Palazzo.pdf\" target=\"_blank\" rel=\"noreferrer noopener\">conoc\u00e9 el proyecto<\/a><\/div>\n<\/div>\n\n\n\n<h2 class=\"wp-block-heading\">Proyecto de la diputada Claudia Ormaechea<\/h2>\n\n\n\n<p>La diputada y dirigente de la Asociaci\u00f3n Bancaria, Claudia Ormaechea, present\u00f3 otra iniciativa que prev\u00e9 <strong>llevar la jornada a un m\u00e1ximo de 6 horas diarias y 36 horas semanales<\/strong>. Para los trabajos nocturnos, la jornada se reducir\u00eda a 5 horas y 15 minutos.<\/p>\n\n\n\n<div class=\"wp-block-buttons is-layout-flex wp-block-buttons-is-layout-flex\">\n<div class=\"wp-block-button is-style-outline is-style-outline--5\"><a class=\"wp-block-button__link wp-element-button\" href=\"https:\/\/fgabdala.com.ar\/jornadareducida\/wp-content\/uploads\/2023\/10\/Proyecto-Claudia-Ormaechea.pdf\" target=\"_blank\" rel=\"noreferrer noopener\">conoc\u00e9 el proyecto<\/a><\/div>\n<\/div>\n\n\n\n<h2 class=\"wp-block-heading\">Proyecto del diputado Eduardo Vald\u00e9s<\/h2>\n\n\n\n<p> El proyecto del diputado Vald\u00e9s incluya la idea de una jornada laboral de m\u00e1ximo seis horas diarias o treinta horas semanales, con posibilidad de ampliarse hasta las 7 horas y treinta minutos &#8211; si las tareas se desarrollan en cuatro d\u00edas entre lunes y viernes.  La jornada de trabajo nocturno no podr\u00e1 exceder de cinco horas. <\/p>\n\n\n\n<div class=\"wp-block-buttons is-layout-flex wp-block-buttons-is-layout-flex\">\n<div class=\"wp-block-button is-style-outline is-style-outline--7\"><a class=\"wp-block-button__link wp-element-button\" href=\"https:\/\/fgabdala.com.ar\/jornadareducida\/wp-content\/uploads\/2023\/10\/Proyecto-Eduardo-Valdes.pdf\" target=\"_blank\" rel=\"noreferrer noopener\">conoc\u00e9 el proyecto <\/a><\/div>\n<\/div>\n\n\n\n<h2 class=\"wp-block-heading\">Proyecto de la diputada M\u00f3nica Litza<\/h2>\n\n\n\n<p>El proyecto de la diputada Litza apunta a seis horas diarias o 36 horas semanales  de m\u00e1ximo.  El proyecto prev\u00e9 <strong>una progresividad en cuanto a la reducci\u00f3n de la carga horaria<\/strong>, con un consenso entre empleadores y trabajadores que incluye un tope m\u00e1ximo de 180 d\u00edas para la implementaci\u00f3n. <\/p>\n\n\n\n<div class=\"wp-block-buttons is-layout-flex wp-block-buttons-is-layout-flex\">\n<div class=\"wp-block-button is-style-outline is-style-outline--9\"><a class=\"wp-block-button__link wp-element-button\" href=\"https:\/\/fgabdala.com.ar\/jornadareducida\/wp-content\/uploads\/2023\/10\/Proyecto-Monica-Litza.pdf\" target=\"_blank\" rel=\"noreferrer noopener\">conoc\u00e9 el proyecto<\/a><\/div>\n<\/div>\n\n\n\n<h2 class=\"wp-block-heading\">Proyecto del diputado Enrique Est\u00e9vez<\/h2>\n\n\n\n<p>Este proyecto del diputado Est\u00e9vez plantea que la <strong>jornada laboral no exceda las 36 horas semanales<\/strong>.<\/p>\n\n\n\n<div class=\"wp-block-buttons is-layout-flex wp-block-buttons-is-layout-flex\">\n<div class=\"wp-block-button is-style-outline is-style-outline--11\"><a class=\"wp-block-button__link wp-element-button\" href=\"https:\/\/fgabdala.com.ar\/jornadareducida\/wp-content\/uploads\/2023\/10\/Proyecto-Enrique-Estevez.pdf\" target=\"_blank\" rel=\"noreferrer noopener\">conoc\u00e9 el proyecto<\/a><\/div>\n<\/div>\n\n\n\n<h2 class=\"wp-block-heading\">Proyecto del diputado Nicol\u00e1s del Ca\u00f1o<\/h2>\n\n\n\n<p>El proyecto del diputado del Ca\u00f1o busca reducir la jornada a seis horas, siempre con un salario que cubra la canasta familiar. <\/p>\n\n\n\n<div class=\"wp-block-buttons is-layout-flex wp-block-buttons-is-layout-flex\">\n<div class=\"wp-block-button is-style-outline is-style-outline--13\"><a class=\"wp-block-button__link wp-element-button\" href=\"https:\/\/fgabdala.com.ar\/jornadareducida\/wp-content\/uploads\/2023\/10\/Proyecto-Del-Cano.pdf\" target=\"_blank\" rel=\"noreferrer noopener\">conoc\u00e9 el proyecto<\/a><\/div>\n<\/div>\n","protected":false},"excerpt":{"rendered":"<p>Una serie de proyectos de jornada reducida se encuentran en estado parlamentario con tratamiento en comisi\u00f3n de Legislaci\u00f3n del Trabajo en la C\u00e1mara de Diputados. A continuaci\u00f3n, incluimos aqu\u00ed el acceso a cada uno de los proyectos con el fin de poder tener un conocimiento completo de los distintas miradas respecto de la reducci\u00f3n de [&hellip;]<\/p>\n","protected":false},"author":3,"featured_media":0,"parent":16,"menu_order":1,"comment_status":"closed","ping_status":"closed","template":"","meta":{"footnotes":""},"class_list":["post-93","page","type-page","status-publish","hentry"],"yoast_head":"<!-- This site is optimized with the Yoast SEO plugin v21.5 - https:\/\/yoast.com\/wordpress\/plugins\/seo\/ -->\n<title>Proyectos en discusi\u00f3n - La reducci\u00f3n de la jornada de trabajo en Argentina<\/title>\n<meta name=\"description\" content=\"La jornada reducida est\u00e1 siendo debatida en el Parlamento, son varios los proyectos en discusi\u00f3n. En esta secci\u00f3n confluyen todos.\" \/>\n<meta name=\"robots\" content=\"index, follow, max-snippet:-1, max-image-preview:large, max-video-preview:-1\" \/>\n<link rel=\"canonical\" href=\"https:\/\/fgabdala.com.ar\/jornadareducida\/banco-de-documentos\/proyectos-en-discusion\/\" \/>\n<meta property=\"og:locale\" content=\"es_ES\" \/>\n<meta property=\"og:type\" content=\"article\" \/>\n<meta property=\"og:title\" content=\"Proyectos en discusi\u00f3n - La reducci\u00f3n de la jornada de trabajo en Argentina\" \/>\n<meta property=\"og:description\" content=\"La jornada reducida est\u00e1 siendo debatida en el Parlamento, son varios los proyectos en discusi\u00f3n. En esta secci\u00f3n confluyen todos.\" \/>\n<meta property=\"og:url\" content=\"https:\/\/fgabdala.com.ar\/jornadareducida\/banco-de-documentos\/proyectos-en-discusion\/\" \/>\n<meta property=\"og:site_name\" content=\"La reducci\u00f3n de la jornada de trabajo en Argentina\" \/>\n<meta property=\"article:modified_time\" content=\"2023-10-14T00:19:01+00:00\" \/>\n<meta property=\"og:image\" content=\"https:\/\/fgabdala.com.ar\/jornadareducida\/wp-content\/uploads\/2023\/10\/debate-congreso.jpg\" \/>\n<meta name=\"twitter:card\" content=\"summary_large_image\" \/>\n<meta name=\"twitter:site\" content=\"@argmenosesmas\" \/>\n<meta name=\"twitter:label1\" content=\"Tiempo de lectura\" \/>\n\t<meta name=\"twitter:data1\" content=\"2 minutos\" \/>\n<script type=\"application\/ld+json\" class=\"yoast-schema-graph\">{\"@context\":\"https:\/\/schema.org\",\"@graph\":[{\"@type\":\"WebPage\",\"@id\":\"https:\/\/fgabdala.com.ar\/jornadareducida\/banco-de-documentos\/proyectos-en-discusion\/\",\"url\":\"https:\/\/fgabdala.com.ar\/jornadareducida\/banco-de-documentos\/proyectos-en-discusion\/\",\"name\":\"Proyectos en discusi\u00f3n - La reducci\u00f3n de la jornada de trabajo en Argentina\",\"isPartOf\":{\"@id\":\"https:\/\/fgabdala.com.ar\/jornadareducida\/#website\"},\"datePublished\":\"2023-09-19T16:50:00+00:00\",\"dateModified\":\"2023-10-14T00:19:01+00:00\",\"description\":\"La jornada reducida est\u00e1 siendo debatida en el Parlamento, son varios los proyectos en discusi\u00f3n. En esta secci\u00f3n confluyen todos.\",\"breadcrumb\":{\"@id\":\"https:\/\/fgabdala.com.ar\/jornadareducida\/banco-de-documentos\/proyectos-en-discusion\/#breadcrumb\"},\"inLanguage\":\"es-AR\",\"potentialAction\":[{\"@type\":\"ReadAction\",\"target\":[\"https:\/\/fgabdala.com.ar\/jornadareducida\/banco-de-documentos\/proyectos-en-discusion\/\"]}]},{\"@type\":\"BreadcrumbList\",\"@id\":\"https:\/\/fgabdala.com.ar\/jornadareducida\/banco-de-documentos\/proyectos-en-discusion\/#breadcrumb\",\"itemListElement\":[{\"@type\":\"ListItem\",\"position\":1,\"name\":\"Inicio\",\"item\":\"https:\/\/fgabdala.com.ar\/jornadareducida\/\"},{\"@type\":\"ListItem\",\"position\":2,\"name\":\"Banco de documentos\",\"item\":\"https:\/\/fgabdala.com.ar\/jornadareducida\/banco-de-documentos\/\"},{\"@type\":\"ListItem\",\"position\":3,\"name\":\"Proyectos en discusi\u00f3n\"}]},{\"@type\":\"WebSite\",\"@id\":\"https:\/\/fgabdala.com.ar\/jornadareducida\/#website\",\"url\":\"https:\/\/fgabdala.com.ar\/jornadareducida\/\",\"name\":\"Menos es m\u00e1s - La reducci\u00f3n de la jornada de trabajo en Argentina\",\"description\":\"\",\"publisher\":{\"@id\":\"https:\/\/fgabdala.com.ar\/jornadareducida\/#organization\"},\"potentialAction\":[{\"@type\":\"SearchAction\",\"target\":{\"@type\":\"EntryPoint\",\"urlTemplate\":\"https:\/\/fgabdala.com.ar\/jornadareducida\/?s={search_term_string}\"},\"query-input\":\"required name=search_term_string\"}],\"inLanguage\":\"es-AR\"},{\"@type\":\"Organization\",\"@id\":\"https:\/\/fgabdala.com.ar\/jornadareducida\/#organization\",\"name\":\"Menos es m\u00e1s\",\"url\":\"https:\/\/fgabdala.com.ar\/jornadareducida\/\",\"logo\":{\"@type\":\"ImageObject\",\"inLanguage\":\"es-AR\",\"@id\":\"https:\/\/fgabdala.com.ar\/jornadareducida\/#\/schema\/logo\/image\/\",\"url\":\"https:\/\/fgabdala.com.ar\/jornadareducida\/wp-content\/uploads\/2023\/09\/menos-es.png\",\"contentUrl\":\"https:\/\/fgabdala.com.ar\/jornadareducida\/wp-content\/uploads\/2023\/09\/menos-es.png\",\"width\":1080,\"height\":1080,\"caption\":\"Menos es m\u00e1s\"},\"image\":{\"@id\":\"https:\/\/fgabdala.com.ar\/jornadareducida\/#\/schema\/logo\/image\/\"},\"sameAs\":[\"https:\/\/twitter.com\/argmenosesmas\",\"https:\/\/www.instagram.com\/argentinamenosesmas\/\"]}]}<\/script>\n<!-- \/ Yoast SEO plugin. -->","yoast_head_json":{"title":"Proyectos en discusi\u00f3n - La reducci\u00f3n de la jornada de trabajo en Argentina","description":"La jornada reducida est\u00e1 siendo debatida en el Parlamento, son varios los proyectos en discusi\u00f3n. En esta secci\u00f3n confluyen todos.","robots":{"index":"index","follow":"follow","max-snippet":"max-snippet:-1","max-image-preview":"max-image-preview:large","max-video-preview":"max-video-preview:-1"},"canonical":"https:\/\/fgabdala.com.ar\/jornadareducida\/banco-de-documentos\/proyectos-en-discusion\/","og_locale":"es_ES","og_type":"article","og_title":"Proyectos en discusi\u00f3n - La reducci\u00f3n de la jornada de trabajo en Argentina","og_description":"La jornada reducida est\u00e1 siendo debatida en el Parlamento, son varios los proyectos en discusi\u00f3n. En esta secci\u00f3n confluyen todos.","og_url":"https:\/\/fgabdala.com.ar\/jornadareducida\/banco-de-documentos\/proyectos-en-discusion\/","og_site_name":"La reducci\u00f3n de la jornada de trabajo en Argentina","article_modified_time":"2023-10-14T00:19:01+00:00","og_image":[{"url":"https:\/\/fgabdala.com.ar\/jornadareducida\/wp-content\/uploads\/2023\/10\/debate-congreso.jpg"}],"twitter_card":"summary_large_image","twitter_site":"@argmenosesmas","twitter_misc":{"Tiempo de lectura":"2 minutos"},"schema":{"@context":"https:\/\/schema.org","@graph":[{"@type":"WebPage","@id":"https:\/\/fgabdala.com.ar\/jornadareducida\/banco-de-documentos\/proyectos-en-discusion\/","url":"https:\/\/fgabdala.com.ar\/jornadareducida\/banco-de-documentos\/proyectos-en-discusion\/","name":"Proyectos en discusi\u00f3n - La reducci\u00f3n de la jornada de trabajo en Argentina","isPartOf":{"@id":"https:\/\/fgabdala.com.ar\/jornadareducida\/#website"},"datePublished":"2023-09-19T16:50:00+00:00","dateModified":"2023-10-14T00:19:01+00:00","description":"La jornada reducida est\u00e1 siendo debatida en el Parlamento, son varios los proyectos en discusi\u00f3n. En esta secci\u00f3n confluyen todos.","breadcrumb":{"@id":"https:\/\/fgabdala.com.ar\/jornadareducida\/banco-de-documentos\/proyectos-en-discusion\/#breadcrumb"},"inLanguage":"es-AR","potentialAction":[{"@type":"ReadAction","target":["https:\/\/fgabdala.com.ar\/jornadareducida\/banco-de-documentos\/proyectos-en-discusion\/"]}]},{"@type":"BreadcrumbList","@id":"https:\/\/fgabdala.com.ar\/jornadareducida\/banco-de-documentos\/proyectos-en-discusion\/#breadcrumb","itemListElement":[{"@type":"ListItem","position":1,"name":"Inicio","item":"https:\/\/fgabdala.com.ar\/jornadareducida\/"},{"@type":"ListItem","position":2,"name":"Banco de documentos","item":"https:\/\/fgabdala.com.ar\/jornadareducida\/banco-de-documentos\/"},{"@type":"ListItem","position":3,"name":"Proyectos en discusi\u00f3n"}]},{"@type":"WebSite","@id":"https:\/\/fgabdala.com.ar\/jornadareducida\/#website","url":"https:\/\/fgabdala.com.ar\/jornadareducida\/","name":"Menos es m\u00e1s - La reducci\u00f3n de la jornada de trabajo en Argentina","description":"","publisher":{"@id":"https:\/\/fgabdala.com.ar\/jornadareducida\/#organization"},"potentialAction":[{"@type":"SearchAction","target":{"@type":"EntryPoint","urlTemplate":"https:\/\/fgabdala.com.ar\/jornadareducida\/?s={search_term_string}"},"query-input":"required name=search_term_string"}],"inLanguage":"es-AR"},{"@type":"Organization","@id":"https:\/\/fgabdala.com.ar\/jornadareducida\/#organization","name":"Menos es m\u00e1s","url":"https:\/\/fgabdala.com.ar\/jornadareducida\/","logo":{"@type":"ImageObject","inLanguage":"es-AR","@id":"https:\/\/fgabdala.com.ar\/jornadareducida\/#\/schema\/logo\/image\/","url":"https:\/\/fgabdala.com.ar\/jornadareducida\/wp-content\/uploads\/2023\/09\/menos-es.png","contentUrl":"https:\/\/fgabdala.com.ar\/jornadareducida\/wp-content\/uploads\/2023\/09\/menos-es.png","width":1080,"height":1080,"caption":"Menos es m\u00e1s"},"image":{"@id":"https:\/\/fgabdala.com.ar\/jornadareducida\/#\/schema\/logo\/image\/"},"sameAs":["https:\/\/twitter.com\/argmenosesmas","https:\/\/www.instagram.com\/argentinamenosesmas\/"]}]}},"jetpack_sharing_enabled":true,"_links":{"self":[{"href":"https:\/\/fgabdala.com.ar\/jornadareducida\/wp-json\/wp\/v2\/pages\/93","targetHints":{"allow":["GET"]}}],"collection":[{"href":"https:\/\/fgabdala.com.ar\/jornadareducida\/wp-json\/wp\/v2\/pages"}],"about":[{"href":"https:\/\/fgabdala.com.ar\/jornadareducida\/wp-json\/wp\/v2\/types\/page"}],"author":[{"embeddable":true,"href":"https:\/\/fgabdala.com.ar\/jornadareducida\/wp-json\/wp\/v2\/users\/3"}],"replies":[{"embeddable":true,"href":"https:\/\/fgabdala.com.ar\/jornadareducida\/wp-json\/wp\/v2\/comments?post=93"}],"version-history":[{"count":5,"href":"https:\/\/fgabdala.com.ar\/jornadareducida\/wp-json\/wp\/v2\/pages\/93\/revisions"}],"predecessor-version":[{"id":184,"href":"https:\/\/fgabdala.com.ar\/jornadareducida\/wp-json\/wp\/v2\/pages\/93\/revisions\/184"}],"up":[{"embeddable":true,"href":"https:\/\/fgabdala.com.ar\/jornadareducida\/wp-json\/wp\/v2\/pages\/16"}],"wp:attachment":[{"href":"https:\/\/fgabdala.com.ar\/jornadareducida\/wp-json\/wp\/v2\/media?parent=93"}],"curies":[{"name":"wp","href":"https:\/\/api.w.org\/{rel}","templated":true}]}}